-151154 - 2?
-151200
In base 9, what is 31 + 12?
43
In base 6, what is -15021 + 3?
-15014
In base 16, what is -2 + -520?
-522
In base 12, what is 778 + 1?
779
In base 6, what is 3022 - 4?
3014
In base 7, what is -163 - 1?
-164
In base 13, what is -25 + -3b?
-63
In base 14, what is -4 + -d?
-13
In base 14, what is 3 + 832?
835
In base 14, what is 101 - 4?
db
In base 12, what is 132b + 2?
1331
In base 6, what is -5 + -50?
-55
In base 2, what is -100001 - 1101?
-101110
In base 8, what is -17 - 5?
-24
In base 13, what is -2 + 21?
1c
In base 10, what is -4 - -396?
392
In base 2, what is -1101110 + -10110?
-10000100
In base 8, what is 1 - 2047?
-2046
In base 4, what is 30002 - -1?
30003
In base 5, what is -434 - 4?
-443
In base 7, what is 32 - 65?
-33
In base 5, what is 12 + -14230?
-14213
In base 15, what is -72 - 4?
-76
In base 9, what is -2 + -146?
-148
In base 8, what is -16 + 0?
-16
In base 16, what is -3 - -b5?
b2
In base 7, what is 6 + -23?
-14
In base 8, what is -751 - -1?
-750
In base 3, what is 2 + 221221?
222000
In base 6, what is -15 + 11?
-4
In base 4, what is -10 + 1?
-3
In base 3, what is -11 - -1120?
1102
In base 14, what is c2 + 12?
d4
In base 11, what is -520 + -2?
-522
In base 7, what is 115 - 16?
66
In base 10, what is 268 + -2?
266
In base 16, what is 5a - 18?
42
In base 7, what is -500 + 0?
-500
In base 4, what is -11 + -2012?
-2023
In base 3, what is -2212212 - -12?
-2212200
In base 6, what is -14 + 350?
332
In base 2, what is -11 + 1010?
111
In base 7, what is -2 - -4?
2
In base 8, what is 567 + 3?
572
In base 3, what is -1212211 + -2?
-1212220
In base 15, what is 316a - 4?
3166
In base 4, what is -33 - -23?
-10
In base 3, what is 2 - 1020011?
-1020002
In base 16, what is -34 + -4?
-38
In base 4, what is -22 - 100231?
-100313
In base 14, what is 2 + 1d80?
1d82
In base 8, what is -1 + 127?
126
In base 5, what is 131 + 44?
230
In base 12, what is 0 + -27?
-27
In base 15, what is -2a8 + 0?
-2a8
In base 7, what is -1035 + 5?
-1030
In base 6, what is -2 - 2452?
-2454
In base 15, what is 10 - 25?
-15
In base 5, what is 213 - -4?
222
In base 6, what is -45 + 21?
-24
In base 12, what is -1 + -64?
-65
In base 2, what is 11 - 1011001110?
-1011001011
In base 3, what is 1110110 - -1?
1110111
In base 5, what is 1 + -110?
-104
In base 6, what is -2225 - -2?
-2223
In base 12, what is -238 - 9?
-245
In base 10, what is -37 - -19?
-18
In base 8, what is -4 + 141?
135
In base 10, what is -175 - -18?
-157
In base 5, what is -1 - -122340?
122334
In base 8, what is -3 - -15634?
15631
In base 5, what is -3 - 20?
-23
In base 4, what is 101 + 31?
132
In base 5, what is 1211 - -1?
1212
In base 9, what is -5 + 10?
4
In base 3, what is 1 + 110?
111
In base 13, what is 4 + bc?
c3
In base 13, what is aa0 - 3?
a9a
In base 15, what is 9d + 0?
9d
In base 16, what is -39 - 3?
-3c
In base 2, what is -100 - 1111100?
-10000000
In base 14, what is -1d + 6?
-17
In base 8, what is 4 - -135?
141
In base 9, what is -627 - -2?
-625
In base 8, what is 16 - 357?
-341
In base 7, what is 6 + -215?
-206
In base 6, what is -4 + -1011?
-1015
In base 5, what is -4033 - 3?
-4041
In base 9, what is 0 - -36?
36
In base 14, what is 2 - -63?
65
In base 3, what is -11 - 11?
-22
In base 5, what is 4 + -34102?
-34043
In base 11, what is 1 - 190?
-18a
In base 15, what is -61 - -e?
-52
In base 16, what is -3 + 98?
95
In base 16, what is 23e + -1?
23d
In base 12, what is -491 + 0?
-491
In base 12, what is -3 - 18b6?
-18b9
In base 7, what is 422 + -11?
411
In base 7, what is -5 + 230?
222
In base 4, what is -1030 + 3?
-1021
In base 11, what is 1 - 137?
-136
In base 3, what is -1220 - 10?
-2000
In base 13, what is 2 + 10?
12
In base 4, what is -1312 - 10?
-1322
In base 16, what is 5 + 1e?
23
In base 11, what is -39 + -1?
-3a
In base 9, what is 4 - -3048?
3053
In base 12, what is -1a + -4?
-22
In base 7, what is -2511 - -3?
-2505
In base 8, what is -32 + 134?
102
In base 14, what is -4 - -a97?
a93
In base 11, what is 3 + 93?
96
In base 15, what is 0 - 5e8?
-5e8
In base 7, what is -6 + -2?
-11
In base 4, what is 1 - -120203?
120210
In base 15, what is -4 - 420?
-424
In base 16, what is d + -10?
-3
In base 7, what is 152 - -161?
343
In base 11, what is -109 - -4?
-105
In base 11, what is 8 - 66?
-59
In base 12, what is b - 270?
-261
In base 15, what is -110e6 - 4?
-110ea
In base 13, what is -241 - 2?
-243
In base 16, what is -9f5 - -1?
-9f4
In base 3, what is 102222 + -1000?
101222
In base 7, what is 315 + 0?
315
In base 6, what is 153 - -4?
201
In base 10, what is -6399 + -4?
-6403
In base 4, what is 0 - 120?
-120
In base 10, what is 330 + 4?
334
In base 2, what is 11 - 101101?
-101010
In base 8, what is 3 - 563?
-560
In base 9, what is -12 + -202?
-214
In base 4, what is 101 - -10?
111
In base 3, what is -2 - -20202?
20200
In base 11, what is -2434 + 1?
-2433
In base 6, what is -14 + 51?
33
In base 11, what is -97 - -4?
-93
In base 10, what is -36 + 10?
-26
In base 15, what is -334 + -5?
-339
In base 14, what is -a1 + -8?
-a9
In base 14, what is 1 + -d?
-c
In base 8, what is -15512 + -5?
-15517
In base 5, what is 234 - -4?
243
In base 14, what is 12 - -294?
2a6
In base 12, what is -7 - -10ba?
10b3
In base 10, what is 35 + -72?
-37
In base 8, what is -5 + -105?
-112
In base 14, what is -5 + -4c?
-53
In base 7, what is -2 + 644?
642
In base 15, what is 2 + -206?
-204
In base 8, what is 11502 + 3?
11505
In base 3, what is 10 - 10021201?
-10021121
In base 16, what is -5a - -10?
-4a
In base 12, what is 650 - -6?
656
In base 11, what is -3877 + 4?
-3873
In base 13, what is -3 + -15?
-18
In base 6, what is -11 - -4305?
4254
In base 6, what is 0 + -453?
-453
In base 2, what is 1100101 - -11?
1101000
In base 12, what is -44 + 7?
-39
In base 10, what is -19 - -14?
-5
In base 16, what is -1563 + 5?
-155e
In base 3, what is -1101011 + 12?
-1100222
In base 9, what is -78 + 4?
-74
In base 8, what is 1305 + 3?
1310
In base 13, what is -1 - -82?
81
In base 13, what is -76 + -14?
-8a
In base 16, what is 3 + 76?
79
In base 7, what is 5 + -30?
-22
In base 2, what is -1000 + -111?
-1111
In base 13, what is 9 + ab?
b7
In base 15, what is -2 + -2c?
-2e
In base 16, what is -2 + 77?
75
In base 5, what is -102203 - -10?
-102143
In base 5, what is 1221 + 10?
1231
In base 8, what is 3 + 470?
473
In base 5, what is 3 - 10?
-2
In base 7, what is -156 - 3?
-162
In base 15, what is 7a + -1?
79
In base 4, what is -2101 + -303?
-3010
In base 5, what is 130 - 110?
20
In base 8, what is -257 - -1?
-256
In base 7, what is 13362 + -2?
13360
In base 3, what is -200 + 11022?
10122
In base 7, what is -130 + -3?
-133
In base 14, what is 7b - 4?
77
In base 6, what is 3 + 3521?
3524
In base 2, what is -101 - -1101111100?
1101110111
In base 12, what is 27 + 1?
28
In base 2, what is 11001101 - -1?
11001110
In base 11, what is -23146 + -2?
-23148
In base 10, what is -4 + 97?
93
In base 15, what is 1 + 698?
699
In base 11, what is -212 + -4?
-216
In base 15, what is 1 + -84d?
-84c
In base 6, what is -13 + -4102?
-4115
In base 9, what is 6 - 66?
-60
In base 2, what is -11 + -10001010?
-10001101
In base 14, what is -4 + -1a6?
-1aa
In base 8, what is -4 + 6677?
6673
In base 13, what is 13 - -3?
16
In base 10, what is 18009 + 5?
18014
In base 15, what is 6e8 - -1?
6e9
In base 15, what is 5 + -361?
-35b
In base 16, what is 15e - 4?
15a
In base 2, what is -10 + -100011001?
-100011011
In base 12, what is -8367 - -4?
-8363
In base 16, what is 5 - a83?
-a7e
In base 16, what is 140 + 3?
143
In base 13, what is -3 + -1883?
-1886
In base 9, what is 2 - 257?
-255
In base 2, what is 101000110 - -10000?
101010110
In base 7, what is -114 + 220?
103
In base 4, what is -332331 + 10?
-332321
In base 8, what is -117003 + -2?
-117005
In base 13, what is -12 + b?
-4
In base 3, what is -1210 + -200?
-2110
In base 5, what is -320340 - 4?
-320344
In base 7, what is 4123 - 4?
4116
In base 9, what is 10 + -34?
-24
In base 15, what is -28 + -11?
-39
In base 8, what is -56 + -6?
-64
In base 11, what is 45 - 1?
44
In base 5, what is -4 - -112?
103
In base 2, what is -10 + -100110110110?
-100110111000
In base 16, what is -6d8 - 1?
-6d9
In base 8, what is 115 - -37?
154
In base 15, what is 14 - 6b?
-57
In base 2, what is 101000 + 10100111?
11001111
In base 10, 